9, 14*f - 5145 = 11*f - 2*l. Let n = 2993 - f. List the prime factors of n.
2, 5
Suppose 2*d = z - 5155, -z - d - 5*d = -5187. What are the prime factors of z?
3, 1721
Let r = 32 - 30. Suppose -r = -2*c + 4*x, x = 3*c - 3*x - 5. List the prime factors of 10*(c + 1) + 2.
2, 3, 7
Suppose -3603 = 104*c + 765. Let s = -12 + 24. What are the prime factors of s/c + (-1278)/(-14)?
7, 13
Let t(i) = -30 - 99*i + 11 - 12 - 12. List the prime factors of t(-5).
2, 113
Suppose 3*y - 15 = 5*x - 0*x, -5*x + 4*y - 20 = 0. Suppose x = 10*z - 40*z + 31590. List the prime factors of z.
3, 13
Let l(c) = c**3 - 8*c + 6 + 10*c + 0*c + 6*c + 7*c**2. Let u be l(-6). Let g(y) = -y**3 - 5*y**2 - 3*y + 20. List the prime factors of g(u).
2, 37
Let h(v) = -5*v**2 + 126*v + 49. Let c be h(25). Suppose 2*k - k - 2*y = 8, 5*k + 2*y = 16. Suppose 170 + c = k*u. List the prime factors of u.
61
Let h = -22565 + 26604. What are the prime factors of h?
7, 577
Let f be (-58)/(-8) + -7 - (-5427)/4. Let t = f - 517. List the prime factors of t.
2, 3, 5, 7
Suppose -u - 249 = -m, 0 = -2*m - u - 0*u + 501. Suppose -3*v = -5*r - 369, -7*v + 2*r = -5*v - m. What are the prime factors of v?
2
Let t(j) = -23*j**2 - 2*j - 1. Let r be t(-2). Let l = 121 - r. Suppose -5*q - q = -l. What are the prime factors of q?
5, 7
Let v be -2 - 10/(-7) - (-1096)/7. Let g = v + 145. List the prime factors of g.
7, 43
Let w = -137 - -142. Suppose -v + w*v - 768 = 0. List the prime factors of v.
2, 3
Suppose 0 = 2*b + 6, -m - 4*b + 7*b + 35 = 0. Suppose m - 27 = -v. What are the prime factors of 102/3 + v - 3/(-1)?
2, 19
Let x be 3 - (-5 - -6) - -1. Suppose 3*l = 3*k + 636, 5*l - x*l + k = 430. What are the prime factors of l?
2, 107
Suppose -229 = 5*r - n - 57, -4*n - 60 = 2*r. Let o = r - -72. Let v = o + -2. What are the prime factors of v?
2, 3
Suppose -3*d = -3*s + 2484, 5*s + 5*d - 2466 - 1694 = 0. List the prime factors of s.
2, 5, 83
Let m(z) = 8*z**2 + 6*z + 134. Let u be m(13). Suppose 0*q = 3*j + q - u, 5*j - 2602 = 3*q. List the prime factors of j.
521
Let f = -2356 - -982. Let g = -578 - f. What are the prime factors of g?
2, 199
Let z = 59 - 59. Suppose z = -6*h + 336 + 666. List the prime factors of h.
167
Suppose 2*x = 3*w - 43574, -3*x + 66826 = 3*w + 23272. What are the prime factors of w?
2, 53, 137
Suppose 0 = 5*u - u + 16, n - 3*u = 66. Suppose -49*p = -n*p + 2330. What are the prime factors of p?
2, 233
Let p(n) = -105*n - 1116. Let d(k) = -35*k - 373. Let j(f) = -17*d(f) + 6*p(f). What are the prime factors of j(-16)?
5, 41
Let o be (4 - 174/24)*-8*1. Let v(h) = -12*h**2 - 4*h + o*h**2 + 14 - 11*h**2. List the prime factors of v(6).
2, 7
Let z(b) = 14 + 2*b + 2*b - 9*b + 0*b. Let r be z(2). Suppose -985 = -r*u - 217. What are the prime factors of u?
2, 3
Suppose 0 = -3*d + 3*l, -5*d - 2*l - 5 = 23. What are the prime factors of (-3)/d - 197/(-4)?
2, 5
Suppose 36409 = 9*f - 4532. List the prime factors of f.
4549
Let x(a) = 212*a + 798. What are the prime factors of x(57)?
2, 3, 19, 113
Let s be (-9212)/42*(-3)/(-2). List the prime factors of (-24)/18*s*(-3)/(-2).
2, 7, 47
Suppose -h + 6108152 = 103*h + 1669848. List the prime factors of h.
2, 47, 227
Let n = 155 + -768. Let d = n - -918. List the prime factors of d.
5, 61
Let w be 0 + 0 + -1 - -3 - 0. Suppose -w*b = 2*z - 276, 2*b - 3*b - 2*z + 141 = 0. Suppose 4*k + b = q, 2*k - 3 = -3*q + 360. List the prime factors of q.
3, 41
Suppose 3 = -2*l + 3*b, -4*l - 5 = -3*b + 4. Let i = 2 + l. Let r(o) = 35*o**2 - 1. List the prime factors of r(i).
2, 17
Suppose -8 - 13 = -7*m. Let g be 526 + 0 + -1 + 0. Suppose m*y - 2*h = 30 + 269, -5*y + g = 2*h. What are the prime factors of y?
103
Let p(d) = 3*d - 9. Let l be p(4). Let a = 8 - l. Suppose a*o = 2*o + 282. List the prime factors of o.
2, 47
Suppose 5*f - 15 = 0, -d - 2*f = 3*d - 106. Suppose -d*a + 6*a = -285. List the prime factors of a.
3, 5
Let b(l) = 7*l**2 - 57*l - 278. List the prime factors of b(68).
2, 14107
Let h = -50242 + 76486. What are the prime factors of h?
2, 3
What are the prime factors of (-3)/(6/(-8))*((-39 - -77) + 4836)?
2, 2437
Let c(s) = s**3 + 7*s**2 - 6*s + 7. Let o(t) = -3*t + 65. Let b be o(24). List the prime factors of c(b).
7
Suppose -20 = -4*n, -2*u - 14 = -3*u + n. Suppose 4*h + 29 = -u. Let i = h + 98. List the prime factors of i.
2, 43
List the prime factors of (23139 - (67 + -37))*(2 + (-2)/2).
3, 7703
Let w = -24703 + 56777. List the prime factors of w.
2, 7, 29, 79
Let l = -22229 - -45107. List the prime factors of l.
2, 3, 31, 41
Let f(z) = -z**2 - 20*z - 93. Let k be f(-11). Suppose -2*g = -7*g + 10. What are the prime factors of g + 315/(k/2)?
107
Suppose 8*f - 6*f + 2*r = 32, 5 = -r. List the prime factors of -1 + 24/f + (-11493)/(-7).
2, 821
Suppose 6*w = 17*w - 3619. Let a = w + 395. What are the prime factors of a?
2, 181
Let a = 2292 - 588. Suppose 6*l - a = -0*l. What are the prime factors of l?
2, 71
Let y = 364 + -299. List the prime factors of y - 3*(-25)/15.
2, 5, 7
Let a(g) = 834*g**3 - 9*g**2 - 27*g + 90. What are the prime factors of a(3)?
2, 3, 29, 43
Suppose -57475 = v - 26*v. What are the prime factors of 8/(-6) + v/3 + 0?
3, 5, 17
Let m(r) = 7*r**2 - 14*r - 4. List the prime factors of m(-26).
2, 19, 67
Let c = 51 + -52. List the prime factors of 0 - -30 - (-3 + c/1).
2, 17
Let o(j) = -2*j**2 + 5*j + 14. Let w = -18 + 14. Let v be o(w). Let r = 56 + v. List the prime factors of r.
2, 3
Let b(v) = -v + 14 - 17 + 12. Let h be b(9). Suppose 4*t + 332 = 4*i, 2*i + 2*t - 146 = -h*t. List the prime factors of i.
2, 3, 13
Let b(v) = 42*v**2 + 13*v - 24. List the prime factors of b(6).
2, 3, 29
Let j(r) = r**2 + 14*r + 15. Let a be j(-13). Let b be a - -2*(-40)/(-1). Let c = 169 + b. List the prime factors of c.
251
Let y(f) = 2120*f - 45. List the prime factors of y(6).
3, 5, 13
Let l = 180 - 180. Suppose 6*c - 9*c = 3*q - 21, l = 5*q - c - 5. List the prime factors of q.
2
Suppose 9*g - 2931 = -852. Suppose -d = -3*c - 60, -4*d + 5*c = 2*c - g. List the prime factors of d.
3, 19
Suppose -67 - 58 = -5*x + 5*r, 6 = -3*r. Let a = x - 20. Suppose 5*m + a*b - 7*b - 416 = 0, -m = -5*b - 100. List the prime factors of m.
2, 5
Let c(u) = 0 - 49*u + 11 + 29. What are the prime factors of c(-13)?
677
What are the prime factors of (-2)/(-4) + 48257125/1250 + 2/(-10)?
2, 97, 199
Let c be -12*(-2 - (-4)/8). Let y(a) = 3 - 7*a - c*a + 5. What are the prime factors of y(-5)?
7, 19
Suppose -5*l - 39*k + 41*k + 40252 = 0, k = -5*l + 40249. What are the prime factors of l?
2, 5, 7, 23
Let a(y) = -y**3 - 3*y**2 + 4*y - 3. Let t be a(-4). What are the prime factors of (-570)/(t - (-8)/4)?
2, 3, 5, 19
Let v(b) = -b**3 + 18*b**2 + 10*b - 11. Let p be v(13). List the prime factors of 60/10 - p/(-4).
13, 19
Let o(h) = h**2 + 7*h - 10. Let c be o(-8). Let y be ((-1)/(-2))/(c/4). What are the prime factors of (-23)/((4/4)/(y - 0))?
23
Let p(o) = o**2 - 5*o - 5. Let l(k) = 0 + 151*k - 152*k - 15. Let y be l(-8). What are the prime factors of p(y)?
79
Let i(v) = 7*v**3 - 3*v**2 + 4. Suppose c = -0*c + 1. Let m be (-10)/(-2) + -9*c/3. List the prime factors of i(m).
2, 3
Let r(j) = 757*j - 80. List the prime factors of r(1).
677
Let g = -989 + 995. What are the prime factors of 0 - (-255)/g*(-8 - -42)?
5, 17
Let j = -24 + 27. Let o(q) = 48*q - 11. Let d be o(j). Let c = d - 34. List the prime factors of c.
3, 11
Let k(g) = 1830*g**2 + 419*g - 2930. What are the prime factors of k(7)?
3, 71, 421
Let u be 4 + 768/8*1/2. Suppose -56*i + u*i = -492. What are the prime factors of i?
3, 41
What are the prime factors of 15375/(-25)*(-124)/10?
2, 3, 31, 41
Let k(p) = 2*p - 19. Let j be k(6). Let s = 3 - j. Suppose s*r + 126 = 736. What are the prime factors of r?
61
Let t(w) = 318*w**2 - 48*w + 45. What are the prime factors of t(10)?
3, 5, 17, 41
Suppose 6 - 28 = -2*k - 4*p, 0 = -4*k + 4*p + 80. What are the prime factors of 2/k + 17360/119 + 5?
151
Let z(b) = -23*b**2 - 24*b - 16. Let g be z(6). Let f = 1518 + g. What are the prime factors of f?
2, 5, 53
Let v = -79 + 196. Suppose -47 = 3*r + 5*d + 27, 4*r = -2*d - 80. Let h = v + r. What are the prime factors of h?
3, 11
Suppose 2*q - 7*q - 5*y + 11385 = 0, 2*y = -3*q + 6836. List the prime factors of q.
2, 7, 163